Let g be y(-12). What is the greatest common factor of g and 786?
6
Suppose -17*j = 34*j + 21*j - 11664. What is the greatest common divisor of 1422 and j?
18
Let y = 655 - 658. Let g be 24564/623 - y/(-7). Calculate the highest common factor of g and 741.
39
Let o be (21/63 - (-2)/3)*-1. Let g be o*(-2)/4 - (-4045)/10. Calculate the greatest common divisor of g and 45.
45
Let m(l) be the first derivative of l**3/3 + 11*l**2 + 99*l - 300. Let j be m(-19). What is the highest common divisor of j and 266?
14
Let n = 58 + -52. Suppose 0 = 4*r - n*r + 204. Calculate the greatest common factor of 255 and r.
51
Let g be (5 - -1) + 20/(80/2796). What is the highest common divisor of g and 15?
15
Suppose 4*l = 2005 - 105. Suppose 9*s - l = 4*s. Let n be 44 - (-2 - 6*(-8)/6). Calculate the highest common divisor of s and n.
19
Let s(g) = -13*g**3 - 71*g**2 - 38*g - 29. Let i be s(-5). Suppose -5*l - 2*j = -24, 3*l + j = -2*l + 22. Calculate the highest common divisor of l and i.
1
Suppose -5*h - 4*v = -14230, 2*h + 7*v - 5*v = 5694. Calculate the highest common factor of 116 and h.
58
Suppose 7*b + 504 = 4564. Calculate the highest common divisor of b and 100.
20
Let d(o) = 2*o. Let q be d(5). Suppose -10*y - 49 = -217*y + 779. What is the highest common divisor of y and q?
2
Suppose 169 = g + 5*f, 27*g + 2*f = 32*g - 710. Calculate the greatest common divisor of 99 and g.
9
Suppose 30 = -13*o - 35. Let g(c) = -38*c - 142. Let b be g(o). Calculate the greatest common divisor of b and 12.
12
Let z(q) = -q**2 + 2*q + 6. Let t be z(3). Suppose -470 = -3*k - 4*p, t*k - 251 = -p + 213. Calculate the highest common factor of 28 and k.
14
Let l(o) = -o**3 + 36*o**2 + 12*o - 99. Let p(b) = 36*b**3 - b**2 + 8*b - 7. Let f be p(1). Let c be l(f). What is the highest common divisor of c and 37?
37
Let y(s) = 8*s**2 + 8*s + 5. Let c be y(-6). Suppose 2813 - 1867 = 112*g - 2974. Calculate the greatest common factor of c and g.
35
Let s = -1824 - -1943. What is the greatest common factor of s and 1547?
119
Let h(f) = -f**3 - 18*f**2 + 94*f + 147. Let k be h(-22). What is the highest common divisor of 605 and k?
5
Suppose -5*a + 2*a + 8*a = 0. Suppose v - 5*k - 17 = a, -v + 5*v - 3*k - 119 = 0. Calculate the greatest common divisor of 256 and v.
32
Let o = 1915 + -1908. Calculate the greatest common divisor of 1701 and o.
7
Let j(a) = 169*a**2 + 2*a - 1. Let o = -1 + 2. Let t be j(o). Let z(v) = -48*v - 1214. Let y be z(-26). Calculate the greatest common factor of t and y.
34
Let p(f) = f**3 - 25*f**2 + 35*f - 27. Let b be p(25). Suppose b*x - 15 = 845*x. Calculate the greatest common factor of 9 and x.
1
Let k(b) = -30*b - 7. Let t be k(-7). Suppose -8*u - 21 = -3*s - 13*u, 0 = 4*s - 3*u - 28. Calculate the greatest common factor of s and t.
7
Suppose 5*o - y + 2 = 0, -7 = 5*o - 3*y - 1. Suppose o = 4*j - 92 - 216. Suppose -z + 1 = -6. What is the highest common divisor of j and z?
7
Suppose 26378 + 51853 = 94*s + 6791. Calculate the highest common factor of s and 5510.
190
Let j be 30 + (-1)/(-2)*0. Let b = -149 + 1349. Suppose -41*i = -46*i + b. Calculate the greatest common factor of j and i.
30
Suppose -6*x = 15*x + 147. Let q(c) = 7 - 4*c - 2 + 1 - 3*c + c**2. Let o be q(x). What is the greatest common factor of o and 8?
8
Let z(r) = -4*r**3 - 30*r**2 - 7*r - 26. Let m be z(-13). Calculate the greatest common divisor of 78 and m.
39
Let a be (-28 - -29)*-1*1. Let w be 18/(-6)*(a + 16/(-6)). What is the greatest common divisor of 99 and w?
11
Let c = -29 + 3. Let n = 21 - 33. Let w be 3/2*(n - c). Calculate the highest common divisor of 84 and w.
21
Suppose -16*r = 2*m - 18*r - 196, -5*m - 3*r = -466. Let z be 0 - (95 + 2/(-1)). Let j = m + z. Calculate the greatest common factor of j and 20.
2
Let a(b) = 20*b**2 + 3*b - 2. Let y be a(1). Suppose 11*h = y + 23. Let l be ((-5)/(-2))/((h/(-40))/(-1)). Calculate the highest common factor of 125 and l.
25
Let j(l) be the first derivative of l**3/3 - l**2/2 + 2*l - 11. Let z be j(6). What is the greatest common divisor of z and 48?
16
Let w(h) = -2*h**3 - 7*h**2 - 2*h + 5. Let f be w(-6). Let a = -107 + f. What is the highest common divisor of a and 18?
18
Let a(v) be the second derivative of 2*v**3 - 34*v**2 - 2*v - 17. Let w be a(11). What is the highest common divisor of w and 640?
64
Let l be 143174/306 - 3/(-27). What is the highest common factor of l and 153?
9
Let y(b) = b**3 - 5*b**2 - 2*b + 24. Let v be y(8). Calculate the highest common factor of 8 and v.
8
Let i be 3168/(-40)*(-7 - ((-220)/(-8) - -8)). Calculate the greatest common divisor of 6 and i.
6
Suppose 148 = 3*b + h, -3*b + 2*b - 3*h = -44. Suppose 3*j + k = 378, -3*k - 78 - 163 = -2*j. Calculate the greatest common divisor of b and j.
25
Let r be 128616/(-233)*1/(-3). Calculate the highest common factor of r and 9016.
184
Suppose 5*h + 1905 = -3*m, 18*h - 19*h = -3. Let b = m + 926. Calculate the greatest common divisor of 130 and b.
26
Suppose 0 = g - 5*n - 2531, -2*n = -4*g + g + 7658. What is the greatest common factor of g and 36?
36
Let y(l) = 10*l + 422. Let m be y(-17). What is the greatest common divisor of m and 450?
18
Suppose 2*z = 5*w - 68, -4*w + 15 = -z - 40. Let r be 22/(-44)*558*1. Let m = -209 - r. What is the greatest common divisor of m and w?
14
Suppose 0*l - l + 181 = 2*t, 0 = -3*t - 5*l + 282. Calculate the greatest common divisor of t and 8.
1
Suppose -21 = 3*m, -5*i = 2*m - 3963 - 3723. What is the greatest common factor of 56 and i?
28
Let u(x) = 18*x**3 + 202*x**2 + 44*x + 7. Let t be u(-11). Calculate the highest common factor of 31059 and t.
7
Suppose 0 = -3*p + 7*p - 48. Let q = -74362 - -74470. Calculate the greatest common divisor of q and p.
12
Let m(x) = -5*x**2 + 11*x - 7. Let c be m(7). Let o = -143 - c. Let u be 3/(-6) + 34/4. Calculate the greatest common factor of u and o.
8
Suppose 3 = 3*w - 9. Let o be ((-27)/(-90)*6)/(6/10). Let p be -1 - -5 - (-3 + o/1). What is the greatest common factor of w and p?
4
Let d(r) = -r**2 - 13*r + 11. Suppose 0 = -4*h - 29 + 5. Let o be (-1 + -11)/(2 + h/6). Let q be d(o). What is the highest common divisor of 23 and q?
23
Let z(r) = -r**3 - 3*r**2 - r + 6. Let u be z(-4). Let k = 62 - u. Calculate the highest common divisor of 192 and k.
12
Let i be ((-1232)/385)/(6/(-375)). Calculate the greatest common divisor of 120 and i.
40
Suppose 2*i - 59 - 127 = 0. Suppose 5*c - 2656 = 1064. What is the highest common factor of c and i?
93
Let i be -7*(-18 + 2 + -2). Let j be ((-2)/3)/(19/(-114)). Suppose 16 = q + 11*p - 12*p, j*q = p + 58. What is the greatest common factor of i and q?
14
Let b = -136 + 335. Let a = b + -63. What is the highest common factor of a and 8?
8
Suppose 2*w - 5*a = -202, -w + 23 - 98 = 4*a. Let h = -91 - w. Let k be 15/3 + 8 + (2 - h). Calculate the greatest common factor of k and 10.
5
Let x(s) = -s**2 + s + 228. Let q be x(0). Let b be (6669/(-90))/(-39)*30. Calculate the greatest common divisor of q and b.
57
Suppose 0*l = -l + 24. Suppose -28 = -114*d + 112*d + 3*n, 0 = -3*n - 12. Suppose s = -3*p + 54, 2*p - 6*p = -d. Calculate the highest common factor of l and s.
24
Suppose -31*t - 10*t = -3*t. Suppose t*i - 504 = -3*i. Let s be 7*(-1)/(-1)*3. What is the greatest common factor of i and s?
21
Let s be 6/4*(-276)/(-9). Let i = s - 40. Suppose -u + i = 1. Calculate the greatest common factor of 25 and u.
5
Suppose -5*r = s - 42665, 82714 - 295991 = -5*s - r. Calculate the highest common divisor of 95 and s.
95
Let u(j) = -j**3 - 3*j**2 + 8*j + 2. Let z be (-1)/4 + 209/(-44). Let r be u(z). Calculate the greatest common factor of 12 and r.
12
Suppose 6*c = 1 - 7. Let f be (-2916)/(-26) + c*8/52. Calculate the highest common factor of f and 14.
14
Let z be (-40 + 36)/((-1)/26). Let y be (z/(-24) - -3)/(2/(-21)). Calculate the highest common divisor of y and 406.
14
Let s be 906/(2/4 - 2/10). What is the greatest common factor of s and 10?
10
Let g = 19916 - 19905. Let j be -7 + 259 + 0 + 1. Calculate the greatest common factor of j and g.
11
Suppose -61*v = -66*v + 4*d + 2776, 1660 = 3*v - d. Calculate the highest common factor of v and 1426.
46
Let p be (117/(-45) - -3)*1785. Suppose -p - 886 = -2*u. Calculate the greatest common divisor of 100 